 divided by 924.
39
Calculate the remainder when 15932 is divided by 1036.
392
What is the remainder when 28809 is divided by 28?
25
Calculate the remainder when 3560 is divided by 18.
14
Calculate the remainder when 2612 is divided by 155.
132
What is the remainder when 124642 is divided by 141?
139
What is the remainder when 17385 is divided by 21?
18
What is the remainder when 37108 is divided by 546?
526
What is the remainder when 1469 is divided by 28?
13
What is the remainder when 507329 is divided by 104?
17
What is the remainder when 6610 is divided by 2179?
73
Calculate the remainder when 1634 is divided by 575.
484
What is the remainder when 530732 is divided by 30?
2
What is the remainder when 10531869 is divided by 582?
579
What is the remainder when 701899 is divided by 509?
497
Calculate the remainder when 430893 is divided by 564.
561
Calculate the remainder when 5132 is divided by 233.
6
What is the remainder when 2947 is divided by 216?
139
Calculate the remainder when 392663 is divided by 2045.
23
What is the remainder when 26224 is divided by 104?
16
What is the remainder when 790 is divided by 25?
15
What is the remainder when 8308271 is divided by 1896?
1895
Calculate the remainder when 77 is divided by 55.
22
Calculate the remainder when 5193 is divided by 1672.
177
Calculate the remainder when 5149106 is divided by 19.
11
What is the remainder when 644206 is divided by 80525?
6
Calculate the remainder when 4973 is divided by 178.
167
Calculate the remainder when 53092 is divided by 68.
52
What is the remainder when 13379 is divided by 3332?
51
Calculate the remainder when 274 is divided by 153.
121
What is the remainder when 16823 is divided by 1729?
1262
Calculate the remainder when 26556 is divided by 8836.
48
What is the remainder when 52287 is divided by 4357?
3
What is the remainder when 21073 is divided by 30?
13
What is the remainder when 778 is divided by 61?
46
What is the remainder when 29248 is divided by 11?
10
Calculate the remainder when 422 is divided by 145.
132
Calculate the remainder when 1559222 is divided by 711.
710
What is the remainder when 7485998 is divided by 40?
38
Calculate the remainder when 27731 is divided by 46.
39
Calculate the remainder when 12049 is divided by 548.
541
Calculate the remainder when 22591 is divided by 40.
31
Calculate the remainder when 50806 is divided by 10.
6
What is the remainder when 13417 is divided by 6702?
13
Calculate the remainder when 16142 is divided by 1465.
27
What is the remainder when 149958 is divided by 374?
358
Calculate the remainder when 11118 is divided by 139.
137
Calculate the remainder when 118252 is divided by 8.
4
Calculate the remainder when 758606 is divided by 10.
6
Calculate the remainder when 77661 is divided by 225.
36
Calculate the remainder when 398 is divided by 62.
26
Calculate the remainder when 429864 is divided by 799.
2
What is the remainder when 61489 is divided by 199?
197
What is the remainder when 345306 is divided by 79?
76
Calculate the remainder when 75997 is divided by 691.
678
Calculate the remainder when 70666 is divided by 35.
1
Calculate the remainder when 1864 is divided by 108.
28
Calculate the remainder when 4679 is divided by 404.
235
Calculate the remainder when 3349 is divided by 257.
8
What is the remainder when 1439693 is divided by 359918?
21
What is the remainder when 907 is divided by 231?
214
Calculate the remainder when 14558 is divided by 44.
38
What is the remainder when 22619 is divided by 58?
57
What is the remainder when 52516 is divided by 10500?
16
What is the remainder when 2214447 is divided by 19?
16
What is the remainder when 1652 is divided by 104?
92
Calculate the remainder when 232549 is divided by 116271.
7
What is the remainder when 14686 is divided by 3668?
14
What is the remainder when 478 is divided by 399?
79
Calculate the remainder when 403969 is divided by 67325.
19
What is the remainder when 1384 is divided by 25?
9
What is the remainder when 247 is divided by 1?
0
Calculate the remainder when 1560 is divided by 122.
96
Calculate the remainder when 987 is divided by 363.
261
What is the remainder when 1926 is divided by 951?
24
Calculate the remainder when 45095 is divided by 55.
50
What is the remainder when 61377 is divided by 81?
60
What is the remainder when 322 is divided by 69?
46
What is the remainder when 9520 is divided by 1886?
90
Calculate the remainder when 169660 is divided by 421.
418
Calculate the remainder when 8193289 is divided by 1610.
1609
What is the remainder when 21388 is divided by 21116?
272
Calculate the remainder when 612536 is divided by 29.
27
Calculate the remainder when 343 is divided by 180.
163
What is the remainder when 4865 is divided by 1051?
661
What is the remainder when 991949 is divided by 25?
24
Calculate the remainder when 428070 is divided by 109.
27
What is the remainder when 267438 is divided by 16?
14
Calculate the remainder when 951 is divided by 119.
118
Calculate the remainder when 14536 is divided by 251.
229
Calculate the remainder when 5437 is divided by 765.
82
What is the remainder when 318 is divided by 87?
57
What is the remainder when 30680 is divided by 63?
62
What is the remainder when 8814 is divided by 8763?
51
What is the remainder when 519508 is divided by 10?
8
What is the remainder when 101348 is divided by 206?
202
What is the remainder when 1055562 is divided by 68?
66
Calculate the remainder when 21363 is divided by 230.
203
What is the remainder when 23390 is divided by 7767?
89
Calculate the remainder when 64749 is divided by 14.
13
What is the remainder when 3030 is divided by 132?
126
What is the remainder when 372668 is divided by 340?
28
What is the remainder when 1715 is divided by 648?
419
What is the remainder when 1525 is divided by 30?
25
Calculate the remainder when 109176 is divided by 63.
60
Calculate the remainder when 402475 is divided by 239.
238
Calculate the remainder when 238 is divided by 179.
59
Calculate the remainder when 1345 is divided by 231.
190
Calculate the remainder when 397 is divided by 41.
28
Calculate the remainder when 6612 is divided by 1650.
12
What is the remainder when 23761 is divided by 7920?
1
Calculate the remainder when 4021 is divided by 237.
229
Calculate the remainder when 379708 is divided by 437.
392
What is the remainder when 22770 is divided by 18?
0
Calculate the remainder when 26434 is divided by 85.
84
Calculate the remainder when 70443 is divided by 365.
363
What is the remainder when 11165 is divided by 5582?
1
What is the remainder when 6994 is divided by 6912?
82
What is the remainder when 19865 is divided by 19?
10
What is the remainder when 6293 is divided by 211?
174
Calculate the remainder when 36474 is divided by 570.
564
What is the remainder when 6073 is divided by 28?
25
Calculate the remainder when 202681 is divided by 66.
61
What is the remainder when 12551 is divided by 45?
41
What is the remainder when 2223 is divided by 3?
0
Calculate the remainder when 39766 is divided by 178.
72
What is the remainder when 125556 is divided by 21?
18
What is the remainder when 69164 is divided by 8643?
20
Calculate the remainder when 45435 is divided by 151.
135
What is the remainder when 16152 is divided by 1848?
1368
What is the remainder when 8385 is divided by 255?
225
Calculate the remainder when 410 is divided by 25.
10
Calculate the remainder when 7828 is divided by 269.
27
What is the remainder when 969 is divided by 12?
9
What is the remainder when 16576 is divided by 8273?
30
What is the remainder when 17802 is divided by 1271?
8
Calculate the remainder when 47664 is divided by 23829.
6
Calculate the remainder when 894996 is divided by 250.
246
What is the remainder when 111 is divided by 56?
55
Calculate the remainder when 479398 is divided by 121.
117
Calculate the remainder when 2715 is divided by 267.
45
Calculate the remainder when 13684 is divided by 14.
6
What is the remainder when 33935 is divided by 1340?
435
Calculate the remainder when 78866 is divided by 4.
2
Calculate the remainder when 71628 is divided by 26.
24
Calculate the remainder when 20100 is divided by 38.
36
Calculate the remainder when 2298 is divided by 111.
78
Calculate t